{"id":42459,"date":"2023-03-24T15:58:38","date_gmt":"2023-03-24T15:58:38","guid":{"rendered":"https:\/\/www.ccis.ad\/mas-documentos-de-interes\/"},"modified":"2023-05-15T15:13:18","modified_gmt":"2023-05-15T14:13:18","slug":"mas-documentos-de-interes","status":"publish","type":"page","link":"https:\/\/www.ccis.ad\/es\/mas-documentos-de-interes\/","title":{"rendered":"M\u00e1s documentos de inter\u00e9s"},"content":{"rendered":"<div class=\"wpb-content-wrapper\"><p>[vc_row][vc_column][vc_empty_space][vc_message]<strong>NOTA<\/strong> : todas las normas de esta secci\u00f3n han sido elaboradas a partir del texto oficial publicado en el Butllet\u00ed Oficial del Principat d&#8217;Andorra (BOPA) y no han sido traducidas de su idioma original, el catal\u00e1n. Se han introducido las modificaciones legales posteriores y las correcciones de erratas, pero se han respetado las erratas que no han sido corregidas.[\/vc_message][vc_empty_space][vc_tta_tabs][vc_tta_section title=\u00bbLaborales\u00bb tab_id=\u00bb1483784406691-9a2f6cdc-73e2&#8243;]<div class=\"gem-list gem-list-type-Label gem-list-color-3\" ><ul>\n<li><a href=\"http:\/\/www.ccis.ad\/wp-content\/uploads\/2016\/10\/exempleplanificaciohoraria.xls\">Ejemplo de planificaci\u00f3n horaria<\/a><\/li>\n<\/ul>\n<\/div>[\/vc_tta_section][vc_tta_section title=\u00bbSeguridad y salud\u00bb tab_id=\u00bb1483784619351-084a0388-4aec\u00bb]<div class=\"gem-list gem-list-type-Label gem-list-color-3\" ><ul>\n<li><a href=\"http:\/\/www.ccis.ad\/wp-content\/uploads\/2017\/01\/continguts-destacats-de-la-llei-de-la-seguretat-i-la-salut-en-el-treball.pdf\" target=\"_blank\" rel=\"noopener\">Contenidos destacados de la Ley de la seguridad y salud en el trabajo<\/a><\/li>\n<\/ul>\n<\/div>[\/vc_tta_section][vc_tta_section title=\u00bbProtecci\u00f3n de datos\u00bb tab_id=\u00bb1483784677950-99e7ce57-f091&#8243;][vc_column_text]La Ley calificada de protecci\u00f3n de datos personales, con el objetivo de garantizar y aportar un grado de protecci\u00f3n suficiente y razonable en los derechos fundamentales de las personas f\u00edsicas y su intimidad, se aplica al tratamiento de los datos de car\u00e1cter personal registrados en un soporte f\u00edsico (fichero automatizado o manual) tanto por parte de empresas privadas como por parte de la Administraci\u00f3n p\u00fablica, ya su posterior uso.<\/p>\n<p>La Ley obliga a:<\/p>\n<p>A &#8211; Respetar unos requisitos en el tratamiento de los datos personales por parte de los empresarios:<\/p>\n<ul>\n<li>Finalidad. Que el almacenamiento y tratamiento de los datos personales responda a un objetivo ya una necesidad concreta (por ejemplo, env\u00edo de informaci\u00f3n comercial) que se pone en conocimiento del individuo en el momento de la solicitud de sus datos (derecho de informaci\u00f3n) y por los que se solicita su consentimiento.<\/li>\n<li>Responsable del tratamiento. Cada fichero de datos personales debe tener un responsable cuya identidad debe comunicarse al interesado en el momento de la recogida de los datos.<\/li>\n<li>Datos tratados. Los datos tratados deben ser reales, actualizados y se conservar\u00e1n durante un plazo m\u00e1ximo suficiente para la finalidad para la que se pidieron.<\/li>\n<li>Medidas de seguridad. El responsable del fichero debe establecer las medidas t\u00e9cnicas y organizativas id\u00f3neas para evitar la p\u00e9rdida, deterioro y acceso a terceros no autorizados a estos datos (confidencialidad).<\/li>\n<li>Cesi\u00f3n de datos. La cesi\u00f3n o comunicaci\u00f3n de datos a un responsable distinto de aquel a quien el interesado originariamente facilit\u00f3 sus datos y para que este nuevo destinatario los utilice para las finalidades que le son propias, requiere el consentimiento del titular de las mismas datos personales. En caso de tratarse de datos sensibles deber\u00e1 ser un consentimiento expreso.<\/li>\n<li>Datos sensibles. Son aquellos datos personales relativos a la salud, ideolog\u00eda, creencias, origen \u00e9tnico etc. que requieren una protecci\u00f3n especial y un consentimiento expreso por parte del interesado para su tratamiento. Excepciones: cuando el tratamiento lo realicen los profesionales de la salud.<\/li>\n<li>Derechos de los interesados. Los titulares de los datos personales tienen derecho a acceder a sus datos incorporados a los ficheros (derecho de acceso), a que se rectifiquen si son err\u00f3neos o si han variado (derecho de rectificaci\u00f3n) ya darse de baja si no desean seguir incorporados en el fichero (derecho de cancelaci\u00f3n), solicit\u00e1ndolo a la persona responsable del fichero. El ejercicio de estos derechos es gratuito.<\/li>\n<\/ul>\n<p>B &#8211; Solicitar a la Agencia de Protecci\u00f3n de Datos la inscripci\u00f3n, en el Registro P\u00fablico de Inscripci\u00f3n de Ficheros de Datos Personales, de la estructura del fichero a crear, la finalidad del fichero y los datos del responsable del tratamiento . Tambi\u00e9n deber\u00e1 comunicarse a la Agencia la destrucci\u00f3n de este mismo fichero.<\/p>\n<p>La Agencia Andorrana de Protecci\u00f3n de Datos, \u00f3rgano objetivo e independiente de las administraciones p\u00fablicas, aunque tiene potestad para inspeccionar y sancionar por incumplimiento de la Ley, tendr\u00e1 como tarea prioritaria, sobre todo inicialmente, facilitar informaci\u00f3n de los derechos y deberes a los ciudadanos ya los empresarios, intentando encontrar el equilibrio entre las necesidades de las empresas y la privacidad de las personas, y s\u00f3lo abrir\u00e1 expedientes sancionadores cuando se detecten incumplimientos graves de la ley y abusos.<\/p>\n<p>No se ha elaborado todav\u00eda un reglamento que regule las medidas de seguridad a adoptar por parte de los responsables de los ficheros, aunque est\u00e1 previsto su elaboraci\u00f3n. Sin embargo, la intenci\u00f3n de la Ley es evitar cargas excesivas a los empresarios, siendo preferible que cada empresa se encargue de decidir qu\u00e9 medidas (t\u00e9cnicas, organizativas) establecer\u00e1 para proteger sus ficheros. La intenci\u00f3n de la Ley es que cada empresa, de acuerdo con sus propias necesidades, elabore su propio documento de seguridad y defina su pol\u00edtica de seguridad, bas\u00e1ndose en las directrices de la Ley, del reglamento que se apruebe sobre medidas de seguridad y de los est\u00e1ndares internacionales (ISO 17799).<\/p>\n<p><strong>Agencia Andorrana de Protecci\u00f3n de Datos. Tel\u00e9fono 808-115<\/strong><\/p>\n<p>&nbsp;<\/p>\n<h5>MATERIAL DESCARGADO<\/h5>\n<ul>\n<li><a href=\"https:\/\/www.ccis.ad\/wp-content\/uploads\/2022\/03\/1_22-005_Guia-informativa-sobre-la-figura-del-DPD.pdf\" target=\"_blank\" rel=\"noopener\">Gu\u00eda informativa sobre la figura del Delegado de Protecci\u00f3n de Datos (DPD) (pdf)<\/a><\/li>\n<li><a href=\"https:\/\/www.ccis.ad\/wp-content\/uploads\/2022\/03\/1_22-013_Presentacio%CC%81-webinar-Saps-si-has-de-designar-un-DPD.pdf\" target=\"_blank\" rel=\"noopener\">Presentaci\u00f3n webinar \u00ab\u00bfSabes si debe designar un DPD?\u00bb (pdf)<\/a><\/li>\n<\/ul>\n<p><span style=\"color: #ffffff;\">.<\/span>[\/vc_column_text][\/vc_tta_section][vc_tta_section title=\u00bbMercantiles\u00bb tab_id=\u00bb1483784735685-f78a4fe0-3131&#8243;]<div class=\"gem-list gem-list-type-Label gem-list-color-3\" ><ul>\n<li><a href=\"http:\/\/www.ccis.ad\/wp-content\/uploads\/2017\/01\/regim-juridic-de-la-societat-cooperativapdf.pdf\" target=\"_blank\" rel=\"noopener\">R\u00e9gimen jur\u00eddico de la sociedad cooperativa<\/a><\/li>\n<li><a href=\"http:\/\/www.ccis.ad\/wp-content\/uploads\/2017\/01\/procediment-executiu-de-lordre-judicial-de-pagament.pdf\" target=\"_blank\" rel=\"noopener\">Procedimiento ejecutivo de la orden judicial de pago<\/a><\/li>\n<\/ul>\n<\/div>[\/vc_tta_section][vc_tta_section title=\u00bbOtros\u00bb tab_id=\u00bb1483784406741-b80ccfa4-2fc5&#8243;]<div class=\"gem-list gem-list-type-Label gem-list-color-3\" ><ul>\n<li><a href=\"http:\/\/www.ccis.ad\/wp-content\/uploads\/2017\/01\/consells-gestio-conservacio.pdf\" target=\"_blank\" rel=\"noopener\">La gesti\u00f3n y la conservaci\u00f3n de la documentaci\u00f3n empresarial<\/a><\/li>\n<li><a href=\"http:\/\/www.ccis.ad\/wp-content\/uploads\/2017\/01\/valors-documentacio-empresarial.pdf\" target=\"_blank\" rel=\"noopener\">Los valores de la documentaci\u00f3n empresarial<\/a><\/li>\n<li><a href=\"http:\/\/www.ccis.ad\/wp-content\/uploads\/2017\/01\/diptic-arxius-empresa-web.pdf\" target=\"_blank\" rel=\"noopener\">D\u00edptico Archivo<\/a><\/li>\n<li><a href=\"https:\/\/www.youtube.com\/watch?v=SG66b13Xr84\" target=\"_blank\" rel=\"noopener\">Nuevo r\u00e9gimen Europeo de IVA &#8211; Exportaciones de bajo valor en territorio europeo.<\/a><\/li>\n<\/ul>\n<\/div>[\/vc_tta_section][\/vc_tta_tabs][\/vc_column][\/vc_row]<\/p>\n<\/div>","protected":false},"excerpt":{"rendered":"<p>[vc_row][vc_column][vc_empty_space][vc_message]NOTA : todas las normas de esta secci\u00f3n han sido elaboradas a partir del texto oficial publicado en el Butllet\u00ed Oficial del Principat d&#8217;Andorra (BOPA) y no han sido traducidas de su idioma original, el&#8230;<\/p>\n","protected":false},"author":52,"featured_media":35929,"parent":0,"menu_order":0,"comment_status":"closed","ping_status":"closed","template":"","meta":{"footnotes":""},"class_list":["post-42459","page","type-page","status-publish","has-post-thumbnail"],"_links":{"self":[{"href":"https:\/\/www.ccis.ad\/es\/wp-json\/wp\/v2\/pages\/42459","targetHints":{"allow":["GET"]}}],"collection":[{"href":"https:\/\/www.ccis.ad\/es\/wp-json\/wp\/v2\/pages"}],"about":[{"href":"https:\/\/www.ccis.ad\/es\/wp-json\/wp\/v2\/types\/page"}],"author":[{"embeddable":true,"href":"https:\/\/www.ccis.ad\/es\/wp-json\/wp\/v2\/users\/52"}],"replies":[{"embeddable":true,"href":"https:\/\/www.ccis.ad\/es\/wp-json\/wp\/v2\/comments?post=42459"}],"version-history":[{"count":2,"href":"https:\/\/www.ccis.ad\/es\/wp-json\/wp\/v2\/pages\/42459\/revisions"}],"predecessor-version":[{"id":43103,"href":"https:\/\/www.ccis.ad\/es\/wp-json\/wp\/v2\/pages\/42459\/revisions\/43103"}],"wp:featuredmedia":[{"embeddable":true,"href":"https:\/\/www.ccis.ad\/es\/wp-json\/wp\/v2\/media\/35929"}],"wp:attachment":[{"href":"https:\/\/www.ccis.ad\/es\/wp-json\/wp\/v2\/media?parent=42459"}],"curies":[{"name":"wp","href":"https:\/\/api.w.org\/{rel}","templated":true}]}}

Más documentos de interés

<div class="wpb-content-wrapper"><p>[vc_row][vc_column][vc_empty_space][vc_message]<strong>NOTA</strong> : todas las normas de esta sección han sido elaboradas a partir del texto oficial publicado en el Butlletí Oficial del Principat d&#8217;Andorra (BOPA) y no han sido traducidas de su idioma original, el catalán. Se han introducido las modificaciones legales posteriores y las correcciones de erratas, pero se han respetado las erratas que no han sido corregidas.[/vc_message][vc_empty_space][vc_tta_tabs][vc_tta_section title=»Laborales» tab_id=»1483784406691-9a2f6cdc-73e2&#8243;]<div class="gem-list gem-list-type-Label gem-list-color-3" ><ul>
<li><a href="http://www.ccis.ad/wp-content/uploads/2016/10/exempleplanificaciohoraria.xls">Ejemplo de planificación horaria</a></li>
</ul>
</div>[/vc_tta_section][vc_tta_section title=»Seguridad y salud» tab_id=»1483784619351-084a0388-4aec»]<div class="gem-list gem-list-type-Label gem-list-color-3" ><ul>
<li><a href="http://www.ccis.ad/wp-content/uploads/2017/01/continguts-destacats-de-la-llei-de-la-seguretat-i-la-salut-en-el-treball.pdf" target="_blank" rel="noopener">Contenidos destacados de la Ley de la seguridad y salud en el trabajo</a></li>
</ul>
</div>[/vc_tta_section][vc_tta_section title=»Protección de datos» tab_id=»1483784677950-99e7ce57-f091&#8243;][vc_column_text]La Ley calificada de protección de datos personales, con el objetivo de garantizar y aportar un grado de protección suficiente y razonable en los derechos fundamentales de las personas físicas y su intimidad, se aplica al tratamiento de los datos de carácter personal registrados en un soporte físico (fichero automatizado o manual) tanto por parte de empresas privadas como por parte de la Administración pública, ya su posterior uso.</p>
<p>La Ley obliga a:</p>
<p>A &#8211; Respetar unos requisitos en el tratamiento de los datos personales por parte de los empresarios:</p>
<ul>
<li>Finalidad. Que el almacenamiento y tratamiento de los datos personales responda a un objetivo ya una necesidad concreta (por ejemplo, envío de información comercial) que se pone en conocimiento del individuo en el momento de la solicitud de sus datos (derecho de información) y por los que se solicita su consentimiento.</li>
<li>Responsable del tratamiento. Cada fichero de datos personales debe tener un responsable cuya identidad debe comunicarse al interesado en el momento de la recogida de los datos.</li>
<li>Datos tratados. Los datos tratados deben ser reales, actualizados y se conservarán durante un plazo máximo suficiente para la finalidad para la que se pidieron.</li>
<li>Medidas de seguridad. El responsable del fichero debe establecer las medidas técnicas y organizativas idóneas para evitar la pérdida, deterioro y acceso a terceros no autorizados a estos datos (confidencialidad).</li>
<li>Cesión de datos. La cesión o comunicación de datos a un responsable distinto de aquel a quien el interesado originariamente facilitó sus datos y para que este nuevo destinatario los utilice para las finalidades que le son propias, requiere el consentimiento del titular de las mismas datos personales. En caso de tratarse de datos sensibles deberá ser un consentimiento expreso.</li>
<li>Datos sensibles. Son aquellos datos personales relativos a la salud, ideología, creencias, origen étnico etc. que requieren una protección especial y un consentimiento expreso por parte del interesado para su tratamiento. Excepciones: cuando el tratamiento lo realicen los profesionales de la salud.</li>
<li>Derechos de los interesados. Los titulares de los datos personales tienen derecho a acceder a sus datos incorporados a los ficheros (derecho de acceso), a que se rectifiquen si son erróneos o si han variado (derecho de rectificación) ya darse de baja si no desean seguir incorporados en el fichero (derecho de cancelación), solicitándolo a la persona responsable del fichero. El ejercicio de estos derechos es gratuito.</li>
</ul>
<p>B &#8211; Solicitar a la Agencia de Protección de Datos la inscripción, en el Registro Público de Inscripción de Ficheros de Datos Personales, de la estructura del fichero a crear, la finalidad del fichero y los datos del responsable del tratamiento . También deberá comunicarse a la Agencia la destrucción de este mismo fichero.</p>
<p>La Agencia Andorrana de Protección de Datos, órgano objetivo e independiente de las administraciones públicas, aunque tiene potestad para inspeccionar y sancionar por incumplimiento de la Ley, tendrá como tarea prioritaria, sobre todo inicialmente, facilitar información de los derechos y deberes a los ciudadanos ya los empresarios, intentando encontrar el equilibrio entre las necesidades de las empresas y la privacidad de las personas, y sólo abrirá expedientes sancionadores cuando se detecten incumplimientos graves de la ley y abusos.</p>
<p>No se ha elaborado todavía un reglamento que regule las medidas de seguridad a adoptar por parte de los responsables de los ficheros, aunque está previsto su elaboración. Sin embargo, la intención de la Ley es evitar cargas excesivas a los empresarios, siendo preferible que cada empresa se encargue de decidir qué medidas (técnicas, organizativas) establecerá para proteger sus ficheros. La intención de la Ley es que cada empresa, de acuerdo con sus propias necesidades, elabore su propio documento de seguridad y defina su política de seguridad, basándose en las directrices de la Ley, del reglamento que se apruebe sobre medidas de seguridad y de los estándares internacionales (ISO 17799).</p>
<p><strong>Agencia Andorrana de Protección de Datos. Teléfono 808-115</strong></p>
<p>&nbsp;</p>
<h5>MATERIAL DESCARGADO</h5>
<ul>
<li><a href="https://www.ccis.ad/wp-content/uploads/2022/03/1_22-005_Guia-informativa-sobre-la-figura-del-DPD.pdf" target="_blank" rel="noopener">Guía informativa sobre la figura del Delegado de Protección de Datos (DPD) (pdf)</a></li>
<li><a href="https://www.ccis.ad/wp-content/uploads/2022/03/1_22-013_Presentacio%CC%81-webinar-Saps-si-has-de-designar-un-DPD.pdf" target="_blank" rel="noopener">Presentación webinar «¿Sabes si debe designar un DPD?» (pdf)</a></li>
</ul>
<p><span style="color: #ffffff;">.</span>[/vc_column_text][/vc_tta_section][vc_tta_section title=»Mercantiles» tab_id=»1483784735685-f78a4fe0-3131&#8243;]<div class="gem-list gem-list-type-Label gem-list-color-3" ><ul>
<li><a href="http://www.ccis.ad/wp-content/uploads/2017/01/regim-juridic-de-la-societat-cooperativapdf.pdf" target="_blank" rel="noopener">Régimen jurídico de la sociedad cooperativa</a></li>
<li><a href="http://www.ccis.ad/wp-content/uploads/2017/01/procediment-executiu-de-lordre-judicial-de-pagament.pdf" target="_blank" rel="noopener">Procedimiento ejecutivo de la orden judicial de pago</a></li>
</ul>
</div>[/vc_tta_section][vc_tta_section title=»Otros» tab_id=»1483784406741-b80ccfa4-2fc5&#8243;]<div class="gem-list gem-list-type-Label gem-list-color-3" ><ul>
<li><a href="http://www.ccis.ad/wp-content/uploads/2017/01/consells-gestio-conservacio.pdf" target="_blank" rel="noopener">La gestión y la conservación de la documentación empresarial</a></li>
<li><a href="http://www.ccis.ad/wp-content/uploads/2017/01/valors-documentacio-empresarial.pdf" target="_blank" rel="noopener">Los valores de la documentación empresarial</a></li>
<li><a href="http://www.ccis.ad/wp-content/uploads/2017/01/diptic-arxius-empresa-web.pdf" target="_blank" rel="noopener">Díptico Archivo</a></li>
<li><a href="https://www.youtube.com/watch?v=SG66b13Xr84" target="_blank" rel="noopener">Nuevo régimen Europeo de IVA &#8211; Exportaciones de bajo valor en territorio europeo.</a></li>
</ul>
</div>[/vc_tta_section][/vc_tta_tabs][/vc_column][/vc_row]</p>
</div>

<p>[vc_row][vc_column][vc_empty_space][vc_message]NOTA : todas las normas de esta sección han sido elaboradas a partir del texto oficial publicado en el Butlletí Oficial del Principat d&#8217;Andorra (BOPA) y no han sido traducidas de su idioma original, el&#8230;</p>
